5*y + 16014. Calculate the highest common factor of 14 and y.
14
Let f be (-67 + 58)*44/(-3). Calculate the highest common factor of f and 72.
12
Suppose -3*b + 275 = 5*j - 184, 0 = -2*j. What is the highest common divisor of b and 18?
9
Let n be 12*(-21)/(-36) + 0 + 19. Suppose 2*i = 87 + 43. What is the highest common factor of i and n?
13
Let r = -32 + 34. Suppose -5*z = -r*z - 39. What is the greatest common factor of z and 52?
13
Let x = 76 + 4. Calculate the greatest common factor of 440 and x.
40
Suppose -4*d = -59 + 1219. Let r = 13 + -34. Let q be (-6)/r + d/(-14). Calculate the greatest common divisor of 3 and q.
3
Suppose -6*v - 27 = -3*v. Let f = -6 - v. Suppose 0*k + f*k = 81. Calculate the highest common factor of 3 and k.
3
Suppose 16*z - 18*z + 30 = 0. Suppose -81 = -z*x + 69. What is the highest common factor of x and 25?
5
Let r(i) = i**2 - 2*i - 5. Suppose 15 = 4*t - t. Let p be r(t). What is the greatest common factor of 50 and p?
10
Suppose -26*o + 22*o + 452 = 0. Let f = -63 + o. What is the greatest common factor of f and 75?
25
Suppose -15*v = -8*v - 168. Calculate the highest common factor of v and 8.
8
Let b = 156 - -49. What is the greatest common factor of 82 and b?
41
Suppose 0 = -13*j - 6*j + 6*j. Suppose j*i + 2*i - p = 85, -3*i + 110 = 2*p. What is the greatest common divisor of i and 5?
5
Suppose 4*a - 254 = b, -104 - 14 = -2*a + 5*b. Suppose -7*g + 2*g + 40 = 0. Calculate the highest common divisor of a and g.
8
Let x(p) = p**3 - 10*p**2 - 32*p + 24. Let d be x(13). Calculate the greatest common divisor of 5 and d.
5
Suppose 9 = 5*k - 1. Suppose 3*y - 330 = -306. What is the highest common divisor of y and k?
2
Suppose 443 = s + 4*j, -4*s + 6*s + 2*j - 862 = 0. Suppose 7*l - s = 161. Calculate the highest common factor of 12 and l.
12
Let q = 135 - -975. What is the greatest common factor of 30 and q?
30
Suppose -2386 - 4994 = -10*v. Calculate the highest common divisor of 18 and v.
18
Let m(c) = 2*c + 19. Let r be m(-14). Let n = -17 - r. Let q = -3 - n. Calculate the highest common divisor of 45 and q.
5
Suppose -5 = -2*f + 1. Suppose 0*l - 513 = -f*l. Suppose -l = -3*a + 21. Calculate the highest common factor of a and 16.
16
Suppose -3*t = 4*t - 5271. Suppose -3*l - w - 126 + t = 0, 2*l = 4*w + 432. What is the greatest common divisor of 15 and l?
15
Let r = -104 + 120. Suppose r = 4*s, -4*f - 5*s + 8 = -6*f. What is the highest common factor of f and 24?
6
Let w be (0 - -455)/5 + 1 + 4. Let s(i) = -2 - i + 2 - 5*i. Let q be s(-2). What is the greatest common divisor of q and w?
12
Suppose -2*x + 5 = 1. Suppose -x*o - b = 3*o - 107, -5*o + 95 = -5*b. Suppose 0 = 2*v - 5 - o. Calculate the highest common factor of v and 39.
13
Let b be (11/3)/(9*(-9)/(-243)). Calculate the highest common divisor of b and 275.
11
Suppose -3*c = -2127 + 153. Calculate the highest common divisor of c and 47.
47
Let y be 10 + (2 - 2) + 0. Let c(l) = l**2 - 7*l - 3. Let r be c(y). Suppose 20 = 4*d + 4*z, 0*d = d + 5*z - 13. What is the greatest common divisor of d and r?
3
Let w = 9 + 3. Suppose -h + 5*y + 15 = 0, 3*h + 2*y + w = 40. Calculate the greatest common factor of h and 30.
10
Suppose 143 = -5*z + 203. What is the greatest common factor of 42 and z?
6
Let p(f) = f + 16. Let y be p(-12). Suppose y*o - 2*o - 136 = 0. Calculate the highest common factor of o and 170.
34
Let n = 7883 - 4555. What is the highest common divisor of n and 26?
26
Suppose 4*f - 64 = 4*n, -4*f - 2*n + 85 = n. Suppose 2*g = -0 + 38. What is the greatest common factor of g and f?
19
Suppose -3*n + 21 = -6*n. Let o(v) = -v**2 - 9*v - 3. Let s be o(n). What is the highest common divisor of 1 and s?
1
Let x = -8 - -10. Suppose a = -x*v + 2*a + 49, -3*v + 61 = a. Suppose -5*p - 15 = 0, -3*p + 6*p = -n + v. What is the greatest common factor of 31 and n?
31
Suppose 0 = z - 5, 0*t + 4*t - 2*z = 22. Suppose 2*f = 5*c + 5, -27 = -2*c - t*f + 3*f. Let r be -20*4/(-4)*c. What is the highest common divisor of r and 4?
4
Let j(n) = 5 + 10 - 3*n**2 - 2*n - 5*n + 7*n**2. Let f be j(-7). What is the highest common divisor of f and 20?
20
Suppose -5*l = -l - 100. Let a(g) = -g**3 - 3*g**2 - 14*g + 5. Let i be a(-5). What is the highest common divisor of i and l?
25
Suppose -105 = -160*u + 157*u. Calculate the greatest common divisor of 560 and u.
35
Suppose 6*i = -53 + 233. Suppose 2*b = -0*s - 4*s + 34, 3*b - i = -3*s. Calculate the highest common divisor of s and 14.
7
Let q(x) = x**2 + x - 3. Let o be q(3). Let i be -2 - (-7 - (-3 + 1)). Suppose -i*s - 2*s = -180. What is the highest common factor of s and o?
9
Let b be ((-12)/18)/(3/(-324)). Calculate the greatest common factor of b and 1032.
24
Let k be 2 - (-1 - -15)/(-1). Suppose 2*m + 5*s - 20 = 0, 4*m - 3*s + s - k = 0. Calculate the greatest common divisor of 15 and m.
5
Let h be (-1 + -2)/((-1)/1). Suppose 2*q - h*w = -2*q + 309, -q + 63 = 4*w. Calculate the highest common divisor of q and 25.
25
Let x be (-6)/(8/(-4)) + -1. Let q(r) = 10*r**2 + x - 10*r + 3*r**3 + 19*r - 2*r**3. Let s be q(-9). Calculate the highest common divisor of s and 5.
1
Let x = -286 + 299. Calculate the greatest common factor of 5 and x.
1
Suppose -7 - 2 = -3*a. Suppose a*f - f = 16. Suppose 9 = 2*k - 5*j, 2*j - 4 = 4*k - 14. Calculate the greatest common factor of k and f.
2
Suppose 10 = c - 5*p, -3*p = 2*c - 7*c + 94. What is the greatest common divisor of c and 44?
4
Let g be 26/7 - 20/(-70). Let n(y) = -y**2 + 4. Let a be n(3). Let u = g - a. What is the highest common factor of 1 and u?
1
Suppose -4*k - 3*y + 3534 = 0, -2*k + 3*k - 881 = -2*y. Calculate the greatest common divisor of 118 and k.
59
Let v = -510 - -540. Let o be -2 + 47 + (-1 - -1). Calculate the greatest common divisor of o and v.
15
Suppose 3*p - 32 = -y, -5*y + 92 = -3*p + p. Suppose -87 = -8*q - 55. What is the greatest common divisor of y and q?
4
Let x = 632 + -581. What is the highest common divisor of x and 1700?
17
Let q be (9 - 6)/((-15)/(-50)). What is the highest common divisor of 65 and q?
5
Let p = 22 - -203. Let f = p - 159. Calculate the greatest common factor of 44 and f.
22
Suppose -u = -5*d - 105, d = -10 + 5. What is the greatest common divisor of u and 48?
16
Let q(s) be the second derivative of s**3/6 + 13*s**2/2 + 6*s. Let k be q(-7). Let c be (0 + -88)/(k/(-6)). What is the highest common divisor of c and 8?
8
Suppose 2*d - 101 = 3*l, -2*d + 80 = -l + 5*l. What is the greatest common factor of 230 and d?
46
Let o(v) = v + 29. Let g be o(15). Let w(f) = f**3 + 2*f**2 - f. Let b be w(-2). Suppose b*k - 396 = -4*k. What is the highest common factor of k and g?
22
Let g(i) = 417*i + 17. Let l be g(2). Calculate the greatest common factor of 37 and l.
37
Suppose 12 = -4*m, -4*m - 7 = -0*l + 5*l. Suppose l + 5 = -3*t. Let v be 28/(-7) + (70 - t). What is the greatest common divisor of v and 102?
34
Let u be 6/(-4)*-78*(-6)/(-27). Suppose u*d = 25*d + 5. Calculate the greatest common factor of d and 10.
5
Let d be (3/(27/12))/(6/333). What is the greatest common divisor of d and 259?
37
Let a(t) = 7 - 9*t - 16 - 8. Let r be a(-13). Let o = 33 - -7. Calculate the greatest common divisor of r and o.
20
Let l be 4 + (-28)/(-126) + (-44)/36. Let p be (-200)/(-6) + 1/(-3). Calculate the highest common divisor of p and l.
3
Suppose 8*n + 2460 = 2604. Calculate the highest common factor of n and 27.
9
Suppose 2*w - 15 = 2*d - 13, 5*w - 13 = d. Calculate the greatest common factor of 32 and d.
2
Let s be 3 - (-5 - (2 + -1)). Suppose n + 352 = s*n. Calculate the highest common factor of 11 and n.
11
Let i(w) = -w**3 + 48*w**2 + 27. Let q be i(48). Calculate the highest common divisor of q and 1593.
27
Let l = -1776 + 1831. Let d(w) = w**3 - 6*w**2 - w + 4. Let b be d(6). Let o be -4*b*11/8. What is the highest common factor of l and o?
11
Let i(h) = h**2 - 11*h + 9. Let k be i(4). Let n = 34 + k. Let t = 1 + 4. What is the highest common divisor of n and t?
5
Suppose 2*g = -2*g + 5*x + 47, -g = 2*x - 28. Suppose -4*t = -7*t + 6. What is the highest common divisor of t and g?
2
Suppose -v = 2*v - 246. Suppose 93 = 5*i - v. Suppose 23 = 5*r - 4*a, 0 = -2*r + 2*a + 5 + 3. Calculate the highest common factor of r and i.
7
Let x = 892 - 845. What is t